22 + 18. What is the units digit of (-1 + w)/((-1)/(-10))?
0
Let m be (-162)/4 - ((-7)/(-2))/7. Let h = m + 100. What is the tens digit of h?
5
Let s(u) = -2*u - 2. Let h be s(-2). Suppose -d + 4 = 0, h*d = z - 66 - 132. What is the hundreds digit of z?
2
Suppose -2*f = -3*f - w + 93, 0 = 3*f - 3*w - 261. Suppose -5*z = 2*n - 53 + 187, 5*z - 238 = 4*n. Let m = n + f. What is the tens digit of m?
2
Let s(i) = 43*i**2 - 2*i - 1. Let k(y) = 3*y - 5. Let z be k(2). Suppose 3*w - z = 4*w. What is the tens digit of s(w)?
4
Suppose -2*m - 169 = -5*g, 0*m + 3 = m. Let v = 35 - g. Suppose v = 3*q - 42 - 78. What is the units digit of q?
0
Suppose -10 - 12 = -3*l + x, x - 41 = -4*l. Let z(j) = 6*j**2 - 31*j - 4. What is the hundreds digit of z(l)?
2
Suppose -3*r + 519 + 909 = 0. What is the hundreds digit of r?
4
Let w(m) = 11*m - 13. Let s be w(4). Suppose -3*y - 63 = r, -2*y + 2*r + r = s. Let b = y + 46. What is the units digit of b?
6
Suppose -2*r + 9 = -l, 0 = -2*r - 3*l + 9 + 4. Suppose -4*a + b - 122 = 3*b, 3*a - b = -79. Let h = r - a. What is the tens digit of h?
3
Let d(c) = -c + 21. Let w be d(17). Suppose -5*y + 232 = 2*g, 4*g - w*y + 44 = 564. What is the units digit of g?
6
Let o be 0 + (-2)/3*-6. Suppose 7 = -u + 3*u + 3*c, 7 = o*u - c. What is the units digit of u?
2
Let w be 2*(-3 - -1) + 788. Suppose 0 = l - 6*l + 3*v + 768, 5*l + v = w. Let a = l + -80. What is the tens digit of a?
7
Let l = 11 + -18. Let y = 9 + l. Suppose 5*o - 51 = y*o. What is the tens digit of o?
1
Let m = -362 + 561. What is the hundreds digit of m?
1
Let o = -22 + 36. Suppose -57*k - 30 = -67*k. What is the tens digit of (o - k)/(3 + -2)?
1
Suppose -3*r + r = -5*i - 5514, 4 = 2*i. What is the tens digit of r?
6
Suppose -11*a - 9362 = -42*a. What is the tens digit of a?
0
Suppose -2 = -5*a + 43. Let j = 133 - a. What is the hundreds digit of j?
1
Let k be -3*(-16)/(-12) - (425 + -7). Let o = k + 654. What is the hundreds digit of o?
2
Let y = -5 - -2. Let j = y - -5. Suppose -j*k + 4*k = 40. What is the units digit of k?
0
Let h = 6713 - 4052. What is the hundreds digit of h?
6
Suppose -j - x = -110 + 3, -5*x = 4*j - 430. What is the tens digit of j + 0*1/2?
0
Let o = 4636 - 3274. What is the units digit of o?
2
Suppose 13*t - 4235 = 5528. What is the units digit of t?
1
Let q = 5 - -11. Suppose 5*h - 2 - 3 = 5*r, 1 = -3*r + h. Let u = q + r. What is the units digit of u?
6
Let d(k) = k**3 - 23*k**2 + 11*k - 77. What is the tens digit of d(24)?
6
Let l = -49 + 320. What is the tens digit of l?
7
Suppose -3*r = -1287 - 882. Suppose 7*q - r = 348. What is the hundreds digit of q?
1
Suppose 2*z + 2*a = 16, 3*a = 4*z + 2 + 1. Suppose -z*g - 2*k = -g - 18, 0 = g + 3*k - 19. What is the units digit of g?
4
Let p(w) = -w**3 + 16*w**2 - 2*w - 20. What is the units digit of p(7)?
7
Suppose -11*j + 5*l - 817 = -15*j, 5*j + 2*l - 1017 = 0. Suppose 10*n - 5*n = 0. Suppose n = 4*u + 43 - j. What is the tens digit of u?
4
Let t = 46 - 51. What is the tens digit of (t - -100) + (-1 - -1)?
9
What is the hundreds digit of 1/(-3) + 307/3?
1
Suppose -8*v + 327 + 977 = 0. What is the tens digit of v?
6
Suppose -19 = 18*o + 17. What is the tens digit of -4 + 151/1 + 1 - o?
5
Let f = -227 - -2878. What is the thousands digit of f?
2
Suppose 8*k - 3*k = 0. Suppose -4*u + 5*c = u - 35, -5*u - c + 5 = k. Suppose u*g = -3*g + 95. What is the units digit of g?
9
Let y(o) = 10*o + 2. Let x be y(-1). Let d(m) = -9*m + 25. Let c be d(x). Let w = c + -68. What is the tens digit of w?
2
Let d(y) = -2*y**2 + 10*y - 1. Let x be d(7). Let p be (x/1)/(8/80). What is the tens digit of (-16)/(-20)*p/(-4)?
5
Let x(z) = -4*z**3 + 11*z**2 + 7. Let q(t) = -5*t**3 + 12*t**2 + 8. Let g(w) = -5*q(w) + 6*x(w). Let p be (-10)/(-15)*90/(-12). What is the units digit of g(p)?
7
Suppose -27*u + 2442 = -7548. What is the tens digit of u?
7
Let p(q) be the first derivative of -80*q**2 + 8 + 76*q**2 + 4*q + 2*q. What is the tens digit of p(-7)?
6
Suppose -6*g - y = -3*g + 17, 5*g = -y - 27. Let s = 13 + g. Suppose -22 - s = -2*j. What is the units digit of j?
5
Suppose 3*p + 32*w - 28*w - 2310 = 0, 2*p + w - 1535 = 0. What is the hundreds digit of p?
7
Let m = -14 - -24. Suppose i - 6 = -3*x, -4*i - m = x - 1. What is the units digit of 5 + 3/x*-1?
4
Suppose t - 5*b - 8 = 44, t + 5*b - 52 = 0. What is the tens digit of t?
5
Suppose 10890 = 25*l - 97260. What is the units digit of l?
6
Suppose j - 1 = 5. Let q be (-1)/(14/j - 2). What is the tens digit of ((-80)/(-12))/((-1)/q)?
2
Let y(h) = h + 4. Let l be y(-2). Suppose 3*g = 9, x - l*g = -21 + 84. What is the units digit of x?
9
Let f = 8985 - 6033. What is the units digit of f?
2
Let u(g) = 11*g**2 + 14*g + 35. Let k be u(-10). Suppose 0 = -13*z + 8*z + k. What is the tens digit of z?
9
Let c be 2 - (6/2 + 1). What is the tens digit of (244/(-8))/(c/4)?
6
Let h = 622 - -180. What is the tens digit of h?
0
Let a = -41 + 105. What is the units digit of (-3)/(3 - 198/a) + 3?
5
Suppose -108*h + 109*h - 78 = 0. What is the units digit of h?
8
Suppose 0 = -51*i + 46*i + 3215. Suppose i = 8*k - 909. What is the hundreds digit of k?
1
Let t = -19 - -23. Suppose 5*c - t*x + 13 = 0, -c + 3*x - 8 = c. What is the tens digit of 15 + (c + 2 - -1)?
1
Suppose -2*p - 5*s = -16, 4*s = -3*p + s + 15. Suppose -6*f + 9 = -p. Suppose -f*a = 3*a - 115. What is the units digit of a?
3
Suppose -4*p + 4040 = -x, 4*p = -3*x + 5*x + 4040. What is the hundreds digit of p?
0
Suppose -5*v + 4*u + 3573 = 0, 6*v = 5*v + 4*u + 705. What is the tens digit of v?
1
Suppose 5*i - 2*n = -50, -3*i = -4*i + 5*n - 33. Let y(f) = f**2. Let j(x) = 7*x**2 + 10*x - 6. Let b(t) = j(t) - 5*y(t). What is the tens digit of b(i)?
4
Suppose 8 - 2 = 3*k. Suppose -2*g = 6, k*i + 2*g - 23 - 103 = 0. What is the units digit of i?
6
Suppose 0 = -6*z + 3*z. Suppose 2*x - 64 = x + 4*h, z = -4*h + 8. What is the units digit of x?
2
Let v = -1082 - -1742. What is the hundreds digit of v?
6
Let i(w) = -w - 5. Let h be i(-10). Suppose -2*a = h*r - 13, -a + 4*a = -r. What is the units digit of 31/4 - r/(-12)?
8
Let q = -732 + 1059. What is the hundreds digit of q?
3
What is the tens digit of (11 - 112)*(12/(-4) + 2)?
0
Suppose -6138 = -8*f + 20062. What is the thousands digit of f?
3
Suppose 0 = 3*k + 2*k - 15. Suppose -2*o + 1 = -k. What is the units digit of 4 - 0 - (o + -4)?
6
Let f = -15 - -17. Suppose 5*c = f*c. Suppose k + 4*l + 15 = c, 2*l = 4*k + l - 8. What is the units digit of k?
1
Let p = -41 - -50. Suppose -p*l - 210 = -14*l. What is the units digit of l?
2
Suppose 5*m - 2771 = -4*l, -2*l + 4*m + 1771 - 405 = 0. What is the units digit of l?
9
Suppose 0 = 5*j - 11 - 4. Suppose 2*y = j*z - 8*z + 20, 2*z = 3*y - 11. Suppose 2*l = y*t - 2*t + 30, -4*t - 45 = -3*l. What is the tens digit of l?
1
Suppose 2975 = 78*r - 61*r. What is the hundreds digit of r?
1
Let i be 3/(-1 + (-34)/(-28)). Suppose -x = 20*x - 756. Let c = x - i. What is the units digit of c?
2
Let q = -1300 + 2959. What is the units digit of q?
9
Let y(j) = j**2 - 25*j + 46. Let s be ((-6)/(-12))/((-3)/(-150)). What is the units digit of y(s)?
6
Suppose 0 = -2*p + p + 15. Suppose -5*z = -10*z + p. Suppose z*l = 72 + 21. What is the tens digit of l?
3
Let q(a) = 2*a + 3. Let h be q(2). Suppose -225 = -h*p + 258. What is the units digit of p?
9
Let v(p) = -3*p**3 + 2*p**2 - 1. Let b be v(1). Let x = b - -69. What is the units digit of x?
7
Let l = 2148 + -1180. What is the tens digit of l?
6
Suppose 2*d + d - 1264 = -2*o, 2*d - 3*o = 834. What is the units digit of d?
0
Let o = -145 - -147. What is the units digit of 1*-156*(o - (-21)/(-6))?
4
Suppose -5*j - 25 = 4*k, -3*k + 10 = -4*j + 2*j. Let p be ((-744)/(-7))/(-6) - (-4)/(-14). What is the units digit of (-12 - k)*p/12?
8
What is the hundreds digit of (0 + (-4)/2 - -3)*373?
3
Let h(c) = 45*c**2 + c - 1. Let a = -19 - -20. What is the units digit of h(a)?
5
Suppose 4*p + 3*j = -17, -2*p + 0*j - 3*j - 13 = 0. Let l be (p - -2)/1 - 1. Let x = l + 2. What is the units digit of x?
1
Suppose -14 = -4*z - 2. Suppose 5*k = z*k + 4. Suppose 96 = 2*i + k*p, -i + 44 = -p - 4. What is the tens digit of i?
4
Let s = 32 + -25. Suppose s*r - 2352 = -r. What is the tens digit of r?
9
Let b(n) = 3*n. Let a b